visor of 698057954 and 1694?
242
What is the highest common factor of 2081 and 1583641?
2081
What is the highest common factor of 20293078 and 37843?
923
What is the highest common divisor of 170489078 and 3874?
298
What is the greatest common divisor of 34045470 and 180?
90
What is the greatest common divisor of 216 and 22339080?
72
Calculate the highest common divisor of 120451751 and 98.
49
What is the highest common factor of 4780835 and 175740?
505
Calculate the greatest common factor of 4939323 and 155.
31
Calculate the greatest common divisor of 1363 and 1344643.
29
What is the highest common divisor of 6006381 and 69?
69
What is the greatest common factor of 2485859 and 19313?
2759
What is the greatest common factor of 13 and 872421316?
13
What is the highest common divisor of 106 and 29242591?
53
What is the highest common factor of 36108892 and 5624?
2812
Calculate the highest common divisor of 136 and 565471.
17
What is the highest common divisor of 411964741 and 358?
179
What is the highest common factor of 406931580 and 220?
220
Calculate the greatest common factor of 130 and 4159240.
10
What is the greatest common factor of 2983227 and 1677?
39
Calculate the greatest common divisor of 93310 and 308826.
602
Calculate the greatest common divisor of 62114175 and 270.
135
Calculate the greatest common divisor of 13730 and 39561622.
2746
Calculate the greatest common divisor of 16561782 and 45.
9
Calculate the greatest common factor of 2093383 and 153531.
2437
Calculate the greatest common factor of 40677 and 50687.
91
Calculate the highest common factor of 141965213 and 403.
403
What is the highest common divisor of 13541 and 1133?
11
What is the highest common factor of 8160945 and 195?
195
What is the greatest common divisor of 2863190 and 407?
11
Calculate the highest common factor of 296 and 253312952.
296
What is the highest common divisor of 4146753036 and 141?
141
What is the highest common divisor of 19 and 3787769434?
19
Calculate the greatest common divisor of 222014676 and 368.
92
Calculate the highest common divisor of 44 and 12557996.
44
Calculate the highest common divisor of 267099 and 101499.
69
Calculate the greatest common factor of 569457 and 30615921.
4347
Calculate the highest common divisor of 5834745 and 195.
15
What is the highest common factor of 253 and 1064233?
23
What is the highest common divisor of 168 and 9879152?
8
Calculate the greatest common divisor of 958672 and 2811952.
2288
Calculate the highest common factor of 316 and 180477633.
79
Calculate the highest common divisor of 1736 and 2042287688.
1736
Calculate the highest common divisor of 19100575 and 175.
25
What is the greatest common factor of 568 and 596952?
8
What is the highest common factor of 1725 and 40832475?
1725
Calculate the greatest common factor of 1230 and 2306632530.
1230
Calculate the greatest common factor of 38075 and 1600.
25
What is the highest common divisor of 180 and 497084904?
36
What is the highest common divisor of 24258 and 231894?
78
Calculate the greatest common factor of 11045 and 88839353.
2209
Calculate the greatest common divisor of 269598 and 8862.
42
Calculate the highest common factor of 648375196 and 1022.
1022
What is the greatest common factor of 247098384 and 39468?
3588
Calculate the highest common divisor of 44388 and 1412196.
1644
Calculate the highest common factor of 94842 and 1122.
66
Calculate the highest common factor of 23968 and 763416752.
11984
Calculate the greatest common divisor of 2664 and 725994.
18
Calculate the highest common divisor of 5510 and 2769820.
190
What is the greatest common factor of 1604 and 332613059?
401
What is the greatest common factor of 814707 and 2673?
9
Calculate the greatest common divisor of 949604210 and 10.
10
What is the greatest common factor of 30 and 2599631940?
30
Calculate the highest common factor of 4860430 and 4.
2
Calculate the greatest common factor of 39141 and 11646.
9
Calculate the highest common divisor of 7554785 and 385.
35
Calculate the greatest common factor of 182429919 and 36148.
9037
Calculate the greatest common divisor of 126357040 and 6965.
995
Calculate the greatest common divisor of 2070444 and 47.
47
What is the highest common factor of 34953139 and 884?
221
What is the greatest common divisor of 8966950 and 22925?
3275
Calculate the highest common factor of 552 and 1720101.
69
What is the greatest common factor of 53930 and 15?
5
Calculate the highest common factor of 497862 and 3978.
306
What is the greatest common factor of 167347289 and 739?
739
What is the highest common divisor of 4279358 and 1070?
214
What is the highest common divisor of 1607631 and 148911?
3039
Calculate the highest common divisor of 27381103 and 1544.
193
Calculate the greatest common divisor of 513647 and 1603.
229
What is the greatest common factor of 143031 and 17931?
417
What is the highest common factor of 117 and 6738121?
13
Calculate the greatest common divisor of 3026019 and 57.
3
Calculate the highest common divisor of 2035 and 23222865.
185
Calculate the greatest common factor of 702807 and 8196.
2049
What is the highest common factor of 8351446 and 412?
206
What is the greatest common divisor of 18036453 and 38?
19
Calculate the greatest common factor of 132 and 52602.
66
Calculate the highest common factor of 724 and 70409.
181
What is the greatest common factor of 46593 and 823811?
167
What is the greatest common factor of 3872 and 245395744?
3872
Calculate the highest common divisor of 47616558 and 19074.
1122
Calculate the greatest common factor of 20216833 and 3913.
91
What is the greatest common divisor of 12335 and 6535?
5
What is the highest common factor of 2998083 and 1706839?
1933
What is the highest common divisor of 208 and 100172032?
16
What is the greatest common divisor of 404248 and 492752?
2392
Calculate the highest common factor of 1385091 and 2412.
603
Calculate the highest common divisor of 12702920 and 15389.
1399
Calculate the highest common divisor of 16604382 and 78.
6
What is the greatest common divisor of 35032 and 23721043?
4379
What is the highest common factor of 70842953 and 1838?
919
What is the greatest common divisor of 89754 and 27699794?
4274
What is the highest common divisor of 6830255 and 127555?
485
Calculate the greatest common factor of 320 and 73682060.
20
What is the greatest common factor of 106933 and 92537?
61
What is the highest common factor of 267407280 and 10200?
2040
What is the greatest common divisor of 5146777 and 5054?
361
What is the greatest common factor of 79877 and 2506?
7
What is the greatest common factor of 3423 and 885087?
21
What is the greatest common factor of 29568 and 3003?
231
Calculate the highest common divisor of 151307 and 429.
13
What is the greatest common factor of 59876685 and 976?
61
What is the highest common factor of 5568 and 1748816?
464
Calculate the highest common factor of 17652 and 26412.
12
What is the highest common factor of 165008 and 412?
4
Calculate the highest common factor of 565212 and 17217876.
8436
What is the greatest common divisor of 10048272 and 9984?
624
Calculate the greatest common factor of 290 and 68945.
5
Calculate the greatest common divisor of 182625 and 41625.
375
What is the highest common factor of 158080855 and 10?
5
What is the highest common factor of 164 and 24114972?
4
Calculate the greatest common divisor of 151316 and 241756.
76
What is the highest common factor of 1728 and 5337144?
216
Calculate the greatest common factor of 448 and 11032.
56
What is the highest common divisor of 22194 and 6038226?
162
What is the highest common factor of 401987464 and 4?
4
Calculate the greatest common factor of 6441 and 3509167.
19
Calculate the greatest common divisor of 47498 and 13649198.
4318
What is the greatest common divisor of 742 and 1542989?
371
What is the greatest common factor of 3713283 and 2874690?
1701
What is the greatest common divisor of 12 and 55104717?
3
Calculate the highest common factor of 350 and 6368405.
5
What is the greatest common factor of 18871125 and 6006?
273
Calculate the greatest common divisor of 807 and 830436356.
269
Calculate the highest common divisor of 229284 and 1196316.
1188
Calculate the highes